lculate -2 - -1 - (23 + -20) - -7.
3
What is the value of (0 - -5) + (-2 - 2) + 2?
3
Calculate -4 - (-2 + 1 - (-1 + 1)).
-3
(-7 - -8) + -2 + 1 + -2
-2
What is the value of 14 - (16 + (6 - 22 - -8))?
6
-2 + 1 - -3 - (-1 + 3)
0
What is (4 - 7) + -5 + 4?
-4
What is the value of -4 - (3 - 4 - (0 - 2))?
-5
-6 - -4 - 0 - 1
-3
What is the value of 0 + (5 - 4) + 1?
2
Evaluate (-5 - (-2 - 0)) + 1 + -3.
-5
What is (-2 - -2 - -1) + -16 + 17?
2
What is (1 - -1 - (13 - 18)) + -8?
-1
Calculate (1 - -3 - 3) + (0 - -5).
6
Calculate -6 - (-6 + (-10 - -5)).
5
What is the value of -3 - ((-1 - (-3 - -7)) + 3)?
-1
Calculate (3 - (0 - (1 - 3))) + 0.
1
Evaluate 6 + (1 - (-6 + 1 + 7)).
5
0 - (-6 + (6 - -4))
-4
Calculate 1 - (-2 - -2 - 4).
5
(5 + -3 - (-1 - -5)) + -1
-3
10 - 9 - -1 - -6
8
What is -11 + 10 + (-1 + 2 - -5)?
5
Evaluate (0 - 0) + (4 - 9) + 2.
-3
Evaluate -13 + (11 - 5) + 4 - -6.
3
What is the value of 15 - (6 + 13 + -10)?
6
-7 - (31 - 15 - 13)
-10
What is 1 + (-3 - -7) - 0?
5
What is 0 - (3 + (-1 - -2) + -2)?
-2
What is the value of 13 + -8 + 0 + -4?
1
Calculate 1 + 3 - (-8 - -4 - -8).
0
Calculate 5 - -2 - (4 + -1).
4
Evaluate 7 - (8 - 0) - (-6 - 1).
6
What is -9 + -5 + 21 + -12?
-5
Calculate 4 + (-1 - -8) + -14.
-3
Calculate 4 + (7 + -2 - (2 + 2)).
5
Calculate -4 - 0 - -2 - (3 + 0).
-5
What is the value of ((-3 - -8) + -4 - -10) + -2?
9
2 + -4 + -2 + (4 - -5)
5
What is 1 + (2 - 0) + -5?
-2
What is the value of 7 + -4 + -1 + (3 - 1)?
4
Evaluate 2 - (2 + -2 - 3).
5
Evaluate 1 + -4 - ((4 - -1) + -6).
-2
-2 + 0 + (-8 - -12)
2
6 + -9 + 2 - -2
1
Calculate (-2 - -1) + 0 + (8 - 11).
-4
What is the value of -1 + -2 - 6 - -3?
-6
Calculate -8 + 12 - 5 - (1 - -2).
-4
What is -6 - (-5 + (-3 - -4) + -1)?
-1
Evaluate 9 + (-6 - (-7 + 6)).
4
0 + 1 - (-18 + 21 + 2)
-4
-13 - -6 - (-2 + -3)
-2
Calculate -22 + 24 - (0 - (-1 - -4)).
5
1 + -1 + (-3 - -2 - -1)
0
5 - (1 + -6 + 15)
-5
What is the value of 14 - (-1 + (-2 - -11))?
6
What is (0 - 6) + 18 + -7?
5
Evaluate 9 + (-16 - -8) - -6.
7
What is -9 + (-3 - 6) + 17?
-1
-37 - -35 - (-6 - 0)
4
(-1 + 5 + 1 - 4) + 3
4
What is -4 + (-1 - -4) + -3 + 4?
0
What is the value of 0 - (-4 + (-8 - -4))?
8
What is the value of -1 + 1 + (-5 - -7) + -3?
-1
Evaluate (-5 - -4) + 3 + 4.
6
What is the value of -5 - (-9 + 9 - 12)?
7
What is the value of 0 + (1 - 0) + 3?
4
What is the value of 2 + (-5 - (5 - (5 - 3)))?
-6
(-2 - -4) + -3 - 0 - 2
-3
-11 + 9 - ((1 - 2) + 1)
-2
What is the value of 1 + (-5 - 1 - -2) - -1?
-2
-4 + 2 + 1 + -2 + 3
0
-1 + -1 - -11 - (-20 + 25)
4
Evaluate (-12 - -11) + (1 - -4).
4
What is 14 + 0 + (90 - 97)?
7
What is 8 - (8 + (1 - 0))?
-1
What is -3 - (5 + -2 + -11)?
5
What is the value of -2 - (-2 + 0) - (-2 + -3)?
5
Calculate -1 - ((1 - 8) + (-19 - -26)).
-1
What is (-8 - -9) + (-4 - -4)?
1
Evaluate 0 + -5 - (-4 - -1).
-2
Evaluate 0 + (-6 + 10 - 6).
-2
What is the value of 0 + 14 + (-24 - -12)?
2
Calculate -9 - (5 + -9 - 5).
0
Evaluate 0 + 2 + 0 - (0 + 3).
-1
What is 2 - (1 + 1) - 2?
-2
What is the value of (-5 + 17 - 6) + -3 + -1?
2
0 + (-4 + 5 - -3)
4
What is (-2 - (0 + 1 + -3)) + -2?
-2
Calculate -2 - (-7 + 5 + (2 - 3)).
1
What is 6 + -5 + 2 + (3 - 1)?
5
Evaluate 4 + (-5 - -5) - (3 - -3).
-2
-5 + (1 - (-1 + -3))
0
Calculate (9 - 5) + -12 + 6.
-2
What is the value of 11 + 21 + -27 + 1 + 1?
7
Evaluate (-1 - -4) + -3 + 0 + -1.
-1
What is -1 + (4 - 1) - (2 - 3)?
3
Calculate -10 + 2 + -3 - (11 + -19).
-3
-3 + -4 + 5 + (-1 - -7)
4
Evaluate 1 - (-3 + (1 + 1 - -5)).
-3
What is the value of (-1 - -3 - 0) + (7 - 5)?
4
What is (0 - 2) + (-5 - -5) + 0?
-2
Calculate 13 + (1 - 4 - (-15 + 18)).
7
Evaluate 2 + -4 + (-6 - -2) + 5.
-1
What is (-9 - -6) + (3 - -1) + 0?
1
(5 - (-7 + 5 + 4)) + 3
6
5 - ((-3 - -6) + 1)
1
What is (6 + -5 - -1) + 1 + -2?
1
What is the value of -9 - -8 - (0 - -3 - 2)?
-2
What is -6 - (15 - 7 - (13 - 1))?
-2
What is 1 - ((-10 - -8) + 4)?
-1
Calculate 2 - (-4 + 12 + (0 - 4)).
-2
Calculate -36 + 39 + 2 + -2.
3
-17 + 8 - (-5 - (-5 + 2))
-7
What is (-10 - -8) + 9 + -4?
3
What is the value of 8 - (-2 - (6 - 24))?
-8
What is -3 + (2 - 1) + (9 - 5)?
2
Evaluate 1 + -8 + (-17 - -30) + -8.
-2
Calculate -2 + 1 + -2 + 1.
-2
What is the value of -2 + -1 - (-3 - 5 - -12)?
-7
What is the value of -13 + 13 + -10 - -18?
8
What is 4 + 0 + (-19 - -12)?
-3
Calculate -5 + 0 + 2 + 7.
4
0 + -1 - (-1 - -4)
-4
Evaluate 27 + (6 - 32) + (-6 - 1).
-6
What is the value of -3 + 1 + -6 + (7 - 3)?
-4
-2 + 0 + 6 - (49 - 50)
5
Evaluate (-5 - 0) + (-5 - -14).
4
Calculate 0 - (1 - (3 - 3)).
-1
Calculate -8 - (-4 - (-2 + 1)).
-5
-1 - (-6 - -2 - -2)
1
1 - 1 - (14 + -3 + -5)
-6
What is the value of (-6 - (-6 - -2 - -2)) + 2?
-2
Evaluate 5 + 6 + 3 + -2 + -3.
9
What is 0 + -2 + 4 + 1?
3
What is (4 - (12 + -7 - -8)) + 0?
-9
What is -1 + -1 + -3 + 2 + 3?
0
(-35 - -27) + 1 + 4 + -1
-4
Evaluate -3 + 2 - (2 + 0) - -1.
-2
What is the value of (-1 - 8 - -10) + -4?
-3
What is the value of (-1 - (10 + -2)) + 13?
4
Calculate -6 + -5 + 6 - (-10 + -1).
6
26 - 21 - (0 + 0)
5
-1 + -3 - (-7 + 2)
1
Evaluate -2 + (3 + -4 - -6) + -6.
-3
Calculate (3 + 3 - 8) + -4.
-6
What is the value of -3 + -5 + (-4 - (-9 - 3))?
0
Calculate -6 - (-26 - (8 - 14)) - 7.
7
Evaluate 8 + (-1 + 9 - 8).
8
Calculate -5 - (-1 + 0 + -4 + 3).
-3
What is the value of 2 + -1 + 4 + -1?
4
Calculate 7 + (1 - (2 + 2)) + 0.
4
Calculate 8 + (-3 - 1 - -1 - 1).
4
What is -10 + 0 + (-20 - -29)?
-1
-7 + 17 - (11 + -2)
1
What is (2 - 2) + -8 - (-21 - -17)?
-4
1 + -8 + 0 + 1
-6
What is the value of 12 - (-8 + 5 + 6)?
9
What is -8 - (-1 + -7 + 0)?
0
(1 - -3) + -7 + 6 + 6
9
0 + (-2 - -2 - (-4 + 2))
2
(3 - 11) + 6 + (0 - -1)
-1
What is the value of 3 - 1 - 4 - -4?
2
What is 10 + 0 + -1 + (-6 - -1)?
4
Evaluate (-8 - -18) + -8 - (3 + 3).
-4
(2 - (-2 + 2)) + -2
0
What is the value of (5 + 1 - 8) + 3?
1
1 + 0 + -14 + 15
2
2 - (0 + -10) - 2
10
Calculate -1 + 4 - (39 + -31).
-5
What is the value of -6 + 3 + -2 + 3?
-2
Evaluate -8 - (-4 - (8 - 4) - -6).
-6
What is the value of 2 + (-10 - (5 + -10)) + 1?
-2
What is -4 + (8 - (3 - 0))?
1
Calculate 4 - (6 + -5) - (-5 - -4).
4
Calculate 11 + (-1 - (4 + 4)).
2
Calculate (1 - 2) + -1 + 3 + 0.
1
What is -8 - -7 - 1 - 2?
-4
Calculate 4 + -2 + (9 - (15 + 2)).
-6
What is -1 + 2 + 2 + (14 - 25)?
-8
Evaluate 0 + -2 - (-2 - (4 + -7)).
-3
Calculate -4 + -3 + 5 + -2.
-4
(-5 - -1) + (1 - (-6 + 4))
-1
Calculate 3 + 1 - (0 + -4 - -5).
3
-4 - 0 - (-2 + (-15 - -4))
9
Calculate (-5 + 2 - -1) + (1 - -3).
2
What is the value of -2 + 1 - -3 - (11 - 5)?
-4
What is the value of (-14 - (-9 + -19)) + -14?
0
4 + 0 - (6 - 0)
-2
What is -3 - (-10 + 8 + -2)?
1
Calculate 3 + 3 - (-42 - -44).
4
What is the value of 5 - (12 - 6) - -4?
3
4 + -2 - -3 - (5 + -5)
5
What is (0 - 4) + (9 - (4 - -2))?
-1
What is the value of 1 - (0 - 1) - 5?
-3
What is (-8 - -4 - -8) + (-1 - -1)?
4
Calculate 1 - (-4 - (-2 + (-3 - -4))).
4
Calculate -36 + 46 - (1 - -13).
-4
What is 2 + (3 + -4 - 3) + -3?
-5
Evaluate 1 + -3 + -3 - (-2 - -3).
-6
Calculate -5 + (-2 - (-8 - -3)).
-2
Calculate -5 + 2 - (1 - 3) - -3.
2
Calculate 4 + (1 + -9 - -5) - 6.
-5
Calculate 2 + -5 + 2 + 2 - 3.
-2
What is the value of 2 + 1 + (-10 - -4)?
-3
What is 2 + -1 + -3 + (-1 - -1)?
-2
-5 - (5 + -7 + -5)
2
Calculate 10 + 4 - 5 - 4.
5
What is the value of 0 + (-3 - (-2 - 3))?
2
Calculate 2 + -5 - (-33 - -29).
1
Evaluate 2 + 1 - (30 + -28).
1
What is (1 + -8 - 4) + 8 - -2?
-1
4 + -6 - (-2 + 2 + 0)
-2
Calculate 0 + 1 + -1 + 5.
5
-3 + 1 + -8 + (2 - 0)
-8
What is the value of 0 - -4 - (14 + -1) - -1?
-8
12 + (-12 - 12) + (0 - -1)
-11
Calculate 4 + 2 + 2 + -10.
-2
What is 8 - (-3 + 4 - -4)?
3
What is the value of -3 - -2 - (11 + -17)?
5
What is the value of (35 - 34) + 0 + 2 + 1?
4
What is the value of 2 - 0 - ((-36 - -18) + 11)?
9
(-2 - 1) + 14 - 10
1
Calculate -4 + (-3 - -3 - -5).
1
What is 9 + -19 + 10 - 8?
-8
Evaluate -4 + 3 + 1 + 0.
0
What is -2 + ((7 - 4) + 3 - 11)?
-7
What is the value of 2 + 2 + -19 - -3 - -6?
-6
Calculate 8 + (-1 + -7 - (-4 + 1)).
3
(17 - 19) + -1 + -2 + -1
-6
Evaluate (8 + -5 + -3 - -3) + 0.
3
Calculate -12 - (4 - (-6 - -7 - -8)).
-7
What is the value of 0 - (5 + (-3 - (-5 + 5)))?
-2
What is the value of -10 + 10 + 2 + -2 + -2?
-2
Evaluate -5 + (0 + -1 - -4) + 2.
0
What is -3 - (-6 - (-5 - 7))?
-9
What is the value of 3 - (-1 - (